Logo Wetterstation Wiehl / Bielstein

NOAA - Klima Report


Report for 2012 Dec
                   Monthly Climatological Summary for Dez 2012

Name: Wetterstation   City: Wiehl   State: German
Elevation: 241 m  Lat: N 50° 58' 14"   Lon: E 007° 31' 15"

                  Temperature (°C), Rain (mm), Wind Speed (km/h)

                                      Heat  Cool        Avg
    Mean                              Deg   Deg         Wind                 Dom
Day Temp  High   Time   Low    Time   Days  Days  Rain  Speed High   Time    Dir
----------------------------------------------------------------------------------
 1   0,1   3,4   14:57  -3,3   00:38  18,2   0,0   0,0   2,4  17,3   18:56   WSW
 2   1,0   2,1   14:37   0,0   01:49  17,3   0,0   5,4   2,0  18,4   00:57     W
 3   0,9   2,2   23:58   0,2   12:26  17,4   0,0   1,8   3,0  35,6   15:09   WSW
 4   3,1   4,6   13:09   2,0   22:25  15,3   0,0   2,7   4,8  45,4   16:57     W
 5   1,6   3,0   11:26   0,0   00:01  16,8   0,0   0,9   1,1  14,8   22:45     W
 6  -0,3   5,4   12:55  -1,7   07:40  18,6   0,0   0,3   0,1  14,8   12:43     W
 7  -1,9  -0,9   13:19  -3,4   21:49  20,2   0,0   0,3   2,7  34,2   10:54    NW
 8  -3,6  10,3   13:13  -8,9   08:19  21,9   0,0   1,2   0,8  15,8   00:32   NNW
 9  -0,7   3,1   20:49  -5,2   02:19  19,0   0,0   2,4   5,4  34,2   18:53     W
10   1,2   2,5   05:20  -0,8   23:13  17,0   0,0   4,2   3,0  39,2   02:13     W
11  -1,5   3,8   11:20  -4,3   18:09  19,8   0,0   0,0   1,0  18,4   12:39   NNW
12  -2,3   1,0   15:13  -5,1   23:54  20,6   0,0   0,0   2,8  15,8   03:21     W
13  -2,7   3,6   13:17  -6,6   02:46  21,1   0,0   0,0   3,4  27,0   13:19   NNW
14   2,8   6,2   23:49  -0,7   00:00  15,5   0,0   8,1   4,4  36,7   17:24     W
15   6,9  10,6   11:45   5,8   09:08  11,4   0,0   1,2   3,3  20,9   14:49   WSW
16   6,5  11,7   13:28   5,0   23:45  11,8   0,0  10,5   4,5  24,5   14:13     W
17   5,9  10,9   12:27   4,1   02:11  12,4   0,0  10,5   2,3  15,8   19:22   WSW
18   5,3   9,0   11:22   4,4   21:55  13,0   0,0   3,3   1,4  15,8   03:14   WSW
19   4,5   6,9   11:32   2,2   19:15  13,8   0,0   0,0   1,4  14,8   23:10   WNW
20   2,1   5,8   12:50   0,8   19:39  16,2   0,0   0,0   4,5 163,0   11:30     N
21   2,5   4,6   23:56   0,8   00:00  15,8   0,0   8,4   1,3  11,2   06:58   NNE
22   5,7   6,8   13:10   4,6   00:00  12,6   0,0  12,6   3,7  31,7   14:34   WSW
23   9,6  11,7   10:52   5,3   00:00   8,8   0,0  31,5   5,6  37,8   06:56     W
24   9,2  12,6   13:16   7,2   02:40   9,2   0,0   4,5   2,9  28,1   22:52     W
25   8,8  11,0   08:42   7,0   12:18   9,5   0,0   8,7   8,5  46,4   19:28     W
26   6,5   8,2   00:00   5,4   09:38  11,8   0,0  12,6   7,5  31,7   18:49     W
27   7,3  12,0   11:20   5,5   21:50  11,0   0,0  12,6   7,2  50,0   01:23     W
28   5,3   9,6   13:36   3,0   08:28  13,0   0,0   1,2   3,3  25,6   17:25   WSW
29   8,7  12,1   14:25   6,7   00:00   9,6   0,0   0,3   5,9  39,2   21:59   WSW
30   6,8   9,9   00:20   4,4   12:21  11,4   0,0   5,7  10,1  43,9   16:27     W
31   7,8   8,9   12:29   6,6   07:25  10,5   0,0   0,0   8,7  39,2   10:58   WSW
----------------------------------------------------------------------------------
     3,5  12,6    24    -8,9     8   460,5   0,0 150,9   3,9 163,0    20       W

Max >=  27,0:  0
Max <=   0,0:  1
Min <=   0,0: 12
Min <= -18,0:  0
Max Rain: 31,5 on day 23
Days of Rain: 24 (>= 0,2 mm)  16 (>= 2,0 mm)  1 (>= 20,0 mm)
Heat Base: 18,3  Cool Base: 18,3  Method: Integration
 
  • Webcam

  • Webcam


  • Ihre Meinung

  • Was finden Sie auf meiner Website interessant?
    Artikel
    FAQ
    Links
    Downloads
    Forum
    etwas anderes
    Archiv   Ergebnis
  • Status

  • Besucher
    Heute:
    196
    Gestern:
    329
    Gesamt:
    1.808.679

    Seitenzugriffe
    Heute:
    2.368
    Gestern:
    5.921
  • Benutzer & Gäste
    1 Benutzer registriert, davon online: 2 Gäste
 

Seite in 0.02877 Sekunden generiert