Logo Wetterstation Wiehl

NOAA - Klima Report

Select a Year or Month report

Report for 2018 Jun
                   Monthly Climatological Summary for Jun 2018

Name: Wetterstation   City: Wiehl   State: German
Elevation: 289 m  Lat: N 50° 58' 14"   Lon: E 007° 31' 15"

                  Temperature (°C), Rain (mm), Wind Speed (km/h)

                                      Heat  Cool        Avg
    Mean                              Deg   Deg         Wind                 Dom
Day Temp  High   Time   Low    Time   Days  Days  Rain  Speed High   Time    Dir
----------------------------------------------------------------------------------
 1  17,7  19,2   10:28  15,9   19:53   0,7   0,2  17,0   3,5  27,0   05:25     W
 2  18,3  23,3   17:10  15,2   23:20   1,1   1,1   1,0   2,2  17,3   12:27   WNW
 3  19,8  25,2   12:42  13,9   05:05   1,1   2,5   0,0   2,0  15,8   18:33   NNW
 4  21,4  30,3   14:35  12,6   05:13   1,3   4,4   0,0   2,4  22,0   18:38     N
 5  20,3  29,5   16:24  14,7   03:46   0,8   2,9   0,0   2,5  18,4   14:41     N
 6  22,9  33,7   17:08  12,7   05:04   1,2   5,7   0,0   2,6  22,0   12:29   NNW
 7  20,7  29,9   15:25  15,9   05:10   0,4   2,9  10,6   2,3  33,1   15:53    NW
 8  20,5  26,5   16:35  16,6   04:46   0,4   2,5   7,1   1,7  14,8   18:15    NW
 9  22,2  30,2   17:09  17,4   03:39   0,1   4,1   0,0   2,5  24,5   17:09    NW
10  21,1  27,4   16:52  17,1   05:00   0,2   3,0   4,8   2,3  17,3   00:39   WNW
11  20,3  26,5   14:07  16,8   05:55   0,2   2,2   0,0   3,1  20,9   10:54   NNE
12  16,8  20,0   12:51  14,7   22:50   1,6   0,1   0,3   2,4  17,3   09:08     N
13  13,9  18,3   16:46   9,8   23:50   4,4   0,0   0,0   2,0  12,2   11:42   WNW
14  14,4  21,0   15:16   6,3   04:42   4,4   0,5   2,2   3,6  29,5   10:25     W
15  18,3  23,9   16:15  13,9   00:00   1,6   1,6   0,0   3,2  27,0   15:39   WSW
16  19,9  25,1   15:47  13,9   04:47   0,8   2,4   2,9   2,7  18,4   15:50     W
17  16,4  20,6   14:06  12,4   04:40   2,2   0,3   0,3   3,2  24,5   13:41     W
18  17,3  20,7   18:32  13,2   00:33   1,7   0,8   0,0   4,4  23,4   12:15   WSW
----------------------------------------------------------------------------------
    19,0  33,7     6     6,3    14    24,2  37,2  46,2   2,7  33,1     7     WNW

Max >=  27,0:  6
Max <=   0,0:  0
Min <=   0,0:  0
Min <= -18,0:  0
Max Rain: 17,0 on day 1
Days of Rain: 9 (>= 0,2 mm)  6 (>= 2,0 mm)  0 (>= 20,0 mm)
Heat Base: 18,3  Cool Base: 18,3  Method: Integration
 
  • Webcam

  • Webcam


  • Ihre Meinung

  • Wie gefällt Ihnen meine Website?
    sehr gut!
    gut
    geht so
    naja
    ungenügend
    möchte ich nicht sagen
    Archiv   Ergebnis
  • Status

  • Besucher
    Heute:
    145
    Gestern:
    416
    Gesamt:
    957.347
  • Benutzer & Gäste
    1 Benutzer registriert, davon online: 8 Gäste
 

Seite in 0.01538 Sekunden generiert