Logo Wetterstation Wiehl

NOAA - Klima Report


Report for 2017 Oct
                   Monthly Climatological Summary for Okt 2017

Name: Wetterstation   City: Wiehl   State: German
Elevation: 289 m  Lat: N 50° 58' 14"   Lon: E 007° 31' 15"

                  Temperature (°C), Rain (mm), Wind Speed (km/h)

                                      Heat  Cool        Avg
    Mean                              Deg   Deg         Wind                 Dom
Day Temp  High   Time   Low    Time   Days  Days  Rain  Speed High   Time    Dir
----------------------------------------------------------------------------------
 1  12,6  19,3   16:35   8,9   08:07   5,7   0,0   0,3   4,1  25,6   16:11    SW
 2  14,5  21,0   16:23  11,9   07:05   4,0   0,1   1,6   6,2  36,7   15:26     W
 3  12,1  16,3   13:23   9,8   23:39   6,2   0,0   5,1   3,5  27,0   13:48     W
 4  11,0  14,4   14:42   8,2   05:14   7,3   0,0   0,0   5,3  28,1   11:01     W
 5  11,8  15,5   16:56   8,8   23:57   6,5   0,0   4,5   6,1  46,4   11:54     W
 6   9,4  13,0   16:30   7,0   02:07   8,9   0,0   2,9   2,3  19,4   15:41   WNW
 7   9,3  11,1   13:45   8,4   08:06   9,0   0,0   6,7   6,1  29,5   11:55     W
 8  11,0  15,0   14:07   7,6   22:12   7,3   0,0   3,2   1,7  19,4   12:35     W
 9   9,5  12,6   15:26   6,5   05:56   8,8   0,0   1,6   1,4   9,7   13:23   NNW
10  12,4  15,1   15:52  10,7   05:56   5,9   0,0   1,9   3,1  19,4   13:55     W
11  13,1  13,6   11:59  12,1   05:59   5,2   0,0   0,0   5,1  23,4   14:13   WSW
12  13,6  17,0   15:29   8,1   23:58   4,7   0,0   0,0   5,8  29,5   12:09     W
13  13,1  20,2   16:20   7,7   05:07   5,4   0,1   0,0   2,1  23,4   16:39   WNW
14  16,5  24,2   16:35  10,2   08:07   3,1   1,3   0,0   1,8  19,4   13:48   WSW
15  15,7  25,1   16:47   7,9   08:22   4,1   1,5   0,0   2,1  23,4   12:54    SW
16  15,6  24,0   17:11   9,4   07:00   3,8   1,0   0,0   2,2  18,4   14:55   NNE
17  14,2  22,6   17:01   9,4   08:24   4,7   0,5   0,3   0,6   9,7   13:02   SSW
18  13,5  22,8   17:01   6,5   07:19   5,5   0,7   0,0   1,6  20,9   13:24    SW
19  13,7  21,7   14:10   6,1   08:08   5,3   0,7   0,0   2,0  18,4   12:49    SW
20  14,1  16,9   14:39  12,0   23:35   4,2   0,0   2,2   6,0  35,6   13:52     W
21  12,4  15,8   16:16   9,8   07:46   5,9   0,0   1,6   5,8  27,0   21:03   WSW
22   9,5  11,5   00:00   8,3   07:57   8,8   0,0   6,7   6,7  24,5   07:11     W
----------------------------------------------------------------------------------
    12,7  25,1    15     6,1    19   130,3   5,9  38,6   3,7  46,4     5       W

Max >=  27,0:  0
Max <=   0,0:  0
Min <=   0,0:  0
Min <= -18,0:  0
Max Rain: 6,7 on day 7
Days of Rain: 13 (>= 0,2 mm)  7 (>= 2,0 mm)  0 (>= 20,0 mm)
Heat Base: 18,3  Cool Base: 18,3  Method: Integration
 
  • Webcam

  • Webcam


  • Ihre Meinung

  • Was finden Sie auf meiner Website interessant?
    Artikel
    FAQ
    Links
    Downloads
    Forum
    etwas anderes
    Archiv   Ergebnis
  • Status

  • Besucher
    Heute:
    149
    Gestern:
    336
    Gesamt:
    874.393
  • Benutzer & Gäste
    1 Benutzer registriert, davon online: 12 Gäste
 

Seite in 0.01392 Sekunden generiert