|
NOAA - Klima Report
Select a Year or Month report
Report for 2021 Sep Monthly Climatological Summary for Sep 2021 Name: Wetterstation City: Wiehl State: German Elevation: 222 m Lat: N 50° 57' 09" Lon: E 007° 29' 22" Temperature (°C), Rain (mm), Wind Speed (km/h) Heat Cool Avg Mean Deg Deg Wind Dom Day Temp High Time Low Time Days Days Rain Speed High Time Dir ---------------------------------------------------------------------------------- 01 14,7 20,2 14:45 10,5 03:54 3,8 0,1 0,0 0,0 6,0 18:16 NNW 02 16,6 25,3 11:35 8,8 04:50 3,7 1,9 0,0 0,4 13,0 16:28 E 03 18,1 28,4 11:06 9,5 06:37 3,0 2,8 0,0 0,4 13,0 11:51 E 04 19,0 28,7 11:17 10,8 06:56 2,3 3,0 0,0 0,0 5,0 19:33 NNW 05 18,9 27,5 10:52 11,3 06:36 2,2 2,8 0,0 0,2 9,0 13:11 E 06 18,6 28,9 11:36 11,1 06:18 2,5 2,8 0,0 0,0 7,0 14:20 NNW 07 17,8 25,4 14:37 11,3 06:21 2,7 2,2 0,0 0,2 9,0 15:12 ESE 08 19,1 28,1 11:10 11,2 06:36 2,4 3,2 0,0 1,0 16,0 14:26 ESE 09 19,3 26,9 11:32 11,8 06:24 2,0 3,0 4,2 0,6 13,0 13:30 ESE 10 19,3 26,5 09:36 16,5 06:16 0,8 1,7 17,7 0,5 12,0 11:56 ESE 11 18,8 24,2 10:30 15,8 03:08 1,0 1,4 0,0 0,2 9,0 10:30 NNW 12 17,2 21,7 13:28 12,3 23:28 2,0 0,9 0,0 0,2 10,0 11:47 ENE 13 16,1 22,9 14:24 9,4 06:53 3,5 1,3 0,0 0,1 9,0 11:59 E 14 18,5 26,8 11:04 10,2 07:16 2,4 2,7 0,0 0,3 11,0 12:40 E 15 19,0 21,8 16:31 16,2 22:07 0,4 1,2 10,8 0,4 12,0 09:52 ESE 16 16,1 20,5 14:22 12,3 06:36 2,4 0,2 0,0 0,2 12,0 13:14 N 17 15,8 22,2 15:48 11,3 03:20 3,3 0,8 0,0 0,1 9,0 11:11 ENE 18 16,4 23,0 12:49 10,6 07:21 3,2 1,3 0,0 0,2 9,0 12:07 E 19 14,5 22,2 09:55 9,7 06:26 4,1 0,3 0,0 0,8 17,0 11:12 E 20 13,9 17,1 13:56 11,6 07:05 4,4 0,0 0,0 0,9 11,0 11:20 E 21 13,4 21,3 10:34 6,4 07:47 5,1 0,1 0,0 0,3 15,0 11:28 E 22 12,2 19,1 15:40 5,4 07:16 6,2 0,1 0,0 0,1 11,0 14:30 E 23 14,6 22,0 10:55 5,6 06:42 4,5 0,8 0,0 0,6 11,0 10:36 NNW 24 17,0 21,0 13:35 15,0 07:30 1,7 0,3 0,3 0,1 9,0 13:13 N 25 17,2 23,3 10:45 11,6 07:24 2,5 1,4 0,0 0,5 12,0 11:33 E 26 17,7 24,9 10:16 12,3 00:07 2,1 1,5 0,0 1,0 13,0 13:57 ESE 27 16,3 21,1 11:04 12,3 23:52 2,5 0,5 2,7 1,3 26,0 19:32 ESE 28 12,8 19,7 10:45 9,2 08:13 5,4 0,0 0,0 0,5 11,0 13:08 ESE 29 10,5 14,1 14:41 7,4 07:13 7,8 0,0 4,8 0,3 18,0 15:50 ENE 30 11,4 17,7 10:33 6,5 05:50 6,9 0,0 0,0 0,5 12,0 12:33 ENE ---------------------------------------------------------------------------------- 16,4 28,9 6 5,4 22 96,8 38,3 40,5 0,4 26,0 27 E Max >= 27,0 5 Max <= 0,0 0 Min <= 0,0 0 Min <= -18,0 0 Max Rain: 17,7 on day 10 Days of Rain: 5 (>= 2,0 mm) 5 (>= 2,0 mm) 0 (>= 20,0 mm) Heat Base: 18,3 Cool Base: 18,3 Method: Integration |