|
NOAA - Klima Report
Select a Year or Month report
Report for 2021 Aug Monthly Climatological Summary for Aug 2021 Name: Wetterstation City: Wiehl State: German Elevation: 222 m Lat: N 50° 57' 09" Lon: E 007° 29' 22" Temperature (°C), Rain (mm), Wind Speed (km/h) Heat Cool Avg Mean Deg Deg Wind Dom Day Temp High Time Low Time Days Days Rain Speed High Time Dir ---------------------------------------------------------------------------------- 01 17,3 23,1 11:42 13,2 02:32 2,1 1,1 2,7 0,4 9,0 12:19 NNW 02 16,8 21,7 14:50 11,5 23:56 2,1 0,6 0,3 0,1 10,0 20:08 NNW 03 14,6 20,9 15:25 9,8 03:05 3,9 0,1 4,5 0,1 9,0 14:51 E 04 17,8 23,0 10:59 13,9 00:00 1,7 1,2 0,0 0,3 12,0 11:54 E 05 18,4 23,9 16:46 13,6 05:56 1,7 1,8 0,0 0,5 13,0 16:21 E 06 17,7 22,2 11:37 14,4 01:41 1,5 0,9 12,0 0,5 12,0 14:42 ESE 07 18,2 22,2 16:44 14,4 06:16 1,3 1,2 0,9 1,8 18,0 11:54 ESE 08 16,6 23,0 11:19 12,7 23:58 2,3 0,7 6,3 0,8 19,0 15:24 E 09 16,7 22,8 14:22 12,4 02:08 2,6 1,0 0,0 0,6 15,0 11:12 E 10 17,6 23,3 15:23 12,5 05:00 2,0 1,3 9,6 0,4 16,0 18:20 E 11 19,0 24,4 16:08 14,2 07:45 1,5 2,1 0,0 0,2 10,0 11:44 E 12 20,7 27,4 11:41 13,5 06:13 1,3 3,7 0,0 0,4 12,0 11:43 ESE 13 20,8 28,3 10:51 14,4 05:55 1,0 3,5 0,0 0,3 10,0 13:31 N 14 20,1 28,4 10:40 12,4 06:12 1,7 3,5 0,0 0,4 12,0 12:31 NNE 15 20,3 27,8 16:12 11,9 06:39 1,7 3,7 0,0 0,7 18,0 12:21 ESE 16 16,2 21,0 00:39 12,5 22:44 2,4 0,4 6,6 0,6 13,0 12:34 N 17 14,2 17,4 11:20 11,9 00:36 4,1 0,0 5,1 0,3 12,0 12:12 NNW 18 16,3 20,0 13:41 13,8 00:00 2,1 0,1 5,1 0,0 9,0 13:26 NNW 19 17,8 21,3 13:44 16,0 01:37 1,1 0,7 1,5 0,3 10,0 16:35 N 20 17,8 22,7 11:48 14,2 02:07 1,7 1,2 0,0 0,4 12,0 11:40 E 21 19,4 26,7 10:49 11,8 06:12 1,9 3,0 0,0 0,5 12,0 15:33 ESE 22 18,2 22,2 15:30 16,0 21:32 0,7 0,7 17,4 0,1 10,0 16:27 NNE 23 17,0 21,1 15:32 13,0 23:58 1,6 0,4 0,6 0,0 5,0 11:30 NNW 24 16,4 23,7 09:44 8,8 06:50 3,4 1,4 0,0 0,5 19,0 15:28 ENE 25 16,8 26,2 11:00 8,1 06:44 3,6 2,1 0,0 0,2 9,0 11:37 NNE 26 15,9 20,1 15:02 12,6 23:59 2,5 0,1 1,2 0,3 11,0 01:48 N 27 14,0 17,9 14:08 10,5 02:39 4,3 0,0 9,6 0,2 12,0 14:12 NNE 28 15,3 19,0 15:59 13,0 03:43 3,0 0,0 10,2 0,1 12,0 22:52 NNW 29 15,4 18,5 15:35 14,0 03:43 2,9 0,0 1,5 0,1 10,0 07:52 N 30 17,1 21,8 13:56 13,5 23:57 1,7 0,6 0,0 0,3 11,0 15:04 NNW 31 16,8 24,2 09:21 11,6 04:21 2,8 1,3 0,0 0,3 10,0 11:51 N ---------------------------------------------------------------------------------- 17,3 28,4 14 8,1 25 68,2 38,4 95,1 0,4 19,0 8 ENE Max >= 27,0 4 Max <= 0,0 0 Min <= 0,0 0 Min <= -18,0 0 Max Rain: 17,4 on day 22 Days of Rain: 11 (>= 2,0 mm) 11 (>= 2,0 mm) 0 (>= 20,0 mm) Heat Base: 18,3 Cool Base: 18,3 Method: Integration |