|
NOAA - Klima Report
Select a Year or Month report
Report for 2018 Jul Monthly Climatological Summary for Jul 2018 Name: Wetterstation City: Wiehl State: German Elevation: 289 m Lat: N 50° 58' 14" Lon: E 007° 31' 15" Temperature (°C), Rain (mm), Wind Speed (km/h) Heat Cool Avg Mean Deg Deg Wind Dom Day Temp High Time Low Time Days Days Rain Speed High Time Dir ---------------------------------------------------------------------------------- 1 21,3 29,0 15:52 15,5 05:50 0,5 3,5 0,0 9,4 43,9 09:11 NNE 2 21,9 32,8 17:17 12,7 05:34 1,0 4,7 0,0 6,4 34,2 10:20 NNE 3 22,3 34,5 16:07 11,0 05:33 1,4 5,5 0,0 2,6 20,9 12:58 WNW 4 22,1 29,6 13:36 15,5 05:33 0,5 4,3 0,3 3,2 25,6 14:08 W 5 21,2 27,6 14:31 15,4 05:03 0,5 3,4 0,0 2,2 17,3 16:24 WNW 6 20,0 27,2 16:50 14,3 05:15 0,9 2,6 0,0 2,3 18,4 13:55 WNW 7 21,5 28,4 16:43 14,7 02:43 0,8 4,0 0,0 2,6 20,9 15:47 WNW 8 20,0 28,6 16:37 10,8 06:07 1,5 3,2 0,0 2,6 27,0 13:29 NNW 9 19,3 26,1 13:10 11,8 05:58 1,4 2,4 0,0 2,6 25,6 13:09 NW 10 15,0 18,3 00:00 11,3 23:53 3,3 0,0 3,9 3,9 25,6 16:47 WNW 11 15,1 20,0 15:44 10,0 02:07 3,4 0,2 3,2 1,8 17,3 10:37 WNW 12 19,0 26,1 16:23 13,1 05:21 1,6 2,2 0,3 2,0 17,3 16:26 NW 13 21,1 30,3 16:19 12,7 05:16 1,3 4,0 0,0 2,1 23,4 15:08 WNW 14 21,8 31,0 16:53 13,2 05:08 1,0 4,6 0,0 2,3 20,9 15:25 WNW 15 22,3 32,2 16:10 12,1 05:32 1,3 5,2 0,0 2,8 25,6 14:34 N 16 23,1 34,9 16:22 12,6 06:15 1,1 5,9 0,0 2,5 24,5 15:38 NW 17 21,5 30,5 15:39 14,1 05:56 0,9 4,1 0,6 3,4 34,2 19:44 WNW 18 20,4 28,1 16:28 13,0 06:46 1,3 3,3 0,3 2,5 19,4 13:12 W 19 21,6 31,3 16:53 12,5 06:07 1,3 4,6 0,0 2,0 20,9 11:29 WNW 20 22,1 31,3 17:10 12,8 05:37 1,1 4,9 0,0 2,3 23,4 13:29 W 21 21,7 29,3 16:07 16,8 06:30 0,2 3,6 0,0 2,9 24,5 15:31 WNW 22 22,1 29,5 16:55 16,6 04:56 0,3 4,1 0,0 2,3 23,4 14:56 NW 23 22,8 32,0 15:52 14,7 04:50 0,6 5,1 0,0 2,2 23,4 17:23 WNW 24 25,5 35,4 16:19 15,4 05:58 0,4 7,7 0,0 2,5 23,4 13:42 W 25 26,0 35,7 14:07 17,6 06:12 0,0 7,7 0,0 2,0 24,5 14:46 NNW 26 28,4 38,7 15:39 19,1 06:15 0,0 10,1 0,0 3,1 27,0 13:13 NNW 27 24,5 39,7 17:31 20,6 02:07 0,0 6,2 0,0 1,5 20,9 15:58 NW 28 22,9 29,2 15:07 18,3 23:49 0,0 4,6 1,3 2,6 22,0 16:31 W 29 22,2 29,6 16:58 16,4 06:31 0,4 4,3 0,3 4,1 29,5 11:34 WSW 30 25,0 33,2 17:06 16,3 05:26 0,4 7,1 0,0 2,8 25,6 13:42 WSW 31 25,6 33,8 15:51 17,1 05:44 0,1 7,4 0,0 3,0 30,6 12:47 WNW ---------------------------------------------------------------------------------- 21,9 39,7 27 10,0 11 28,5 140,5 10,2 2,9 43,9 1 NW Max >= 27,0: 27 Max <= 0,0: 0 Min <= 0,0: 0 Min <= -18,0: 0 Max Rain: 3,9 on day 10 Days of Rain: 8 (>= 0,2 mm) 2 (>= 2,0 mm) 0 (>= 20,0 mm) Heat Base: 18,3 Cool Base: 18,3 Method: Integration |