|
NOAA - Klima Report
Select a Year or Month report
Report for 2016 Jan Monthly Climatological Summary for Jan 2016 Name: Wetterstation City: Wiehl State: German Elevation: 289 m Lat: N 50° 58' 14" Lon: E 007° 31' 15" Temperature (°C), Rain (mm), Wind Speed (km/h) Heat Cool Avg Mean Deg Deg Wind Dom Day Temp High Time Low Time Days Days Rain Speed High Time Dir ---------------------------------------------------------------------------------- 1 3,1 6,6 15:34 -1,7 03:25 15,2 0,0 0,6 3,3 30,6 21:37 NNE 2 2,7 10,1 01:38 2,0 10:17 15,6 0,0 2,9 5,4 27,0 01:23 NNE 3 3,9 5,8 14:48 2,6 00:00 14,4 0,0 4,2 3,9 28,1 21:54 NNE 4 3,2 5,7 14:48 0,7 04:48 15,1 0,0 13,2 2,3 23,4 01:33 NNE 5 5,1 6,4 13:24 4,2 05:00 13,2 0,0 7,4 1,6 15,8 15:27 SW 6 5,0 6,5 13:50 3,9 07:17 13,3 0,0 3,5 1,3 11,2 14:13 NW 7 4,6 5,8 20:32 2,9 17:36 13,7 0,0 10,9 6,1 51,5 20:34 W 8 3,7 10,1 13:34 -2,9 23:59 14,6 0,0 0,0 5,5 40,3 02:33 W 9 2,0 9,4 12:45 -2,9 00:00 16,3 0,0 0,3 3,4 23,4 14:12 N 10 5,8 10,3 13:38 3,7 00:00 12,5 0,0 5,5 5,6 33,1 13:48 W 11 3,4 4,7 13:41 0,6 07:43 14,9 0,0 13,2 3,9 40,3 21:46 W 12 4,4 6,4 13:42 3,5 23:55 13,9 0,0 1,3 7,7 31,7 14:26 W 13 3,1 4,8 13:00 0,6 23:25 15,2 0,0 14,8 6,5 43,9 03:40 W 14 0,4 1,8 10:47 -1,5 03:41 17,9 0,0 5,1 4,1 27,0 13:51 WSW 15 0,4 1,1 00:44 -0,2 09:06 17,8 0,0 3,9 4,3 31,7 06:33 W 16 -0,1 1,4 12:07 -1,0 20:59 18,4 0,0 1,0 3,3 31,7 12:24 WSW 17 -1,1 4,5 12:07 -4,4 23:53 19,4 0,0 0,6 1,8 18,4 00:44 WSW 18 -4,5 2,9 13:16 -8,9 07:44 22,8 0,0 0,0 2,3 18,4 14:17 NNE 19 -6,2 1,3 12:22 -10,3 08:41 24,5 0,0 0,0 1,9 14,8 11:38 W 20 -2,8 -0,1 13:57 -6,9 00:00 21,1 0,0 0,0 0,8 9,7 12:32 W 21 -0,7 6,6 12:31 -4,6 23:57 19,0 0,0 0,0 1,8 22,0 14:09 NNW 22 -2,9 3,0 13:37 -8,0 06:11 21,2 0,0 1,3 3,8 28,1 11:40 N 23 1,7 4,6 16:41 -0,7 00:00 16,6 0,0 0,3 0,5 12,2 16:31 WSW 24 3,3 5,1 14:50 0,9 05:16 15,0 0,0 2,2 1,3 15,8 11:28 NNE 25 7,1 14,3 15:51 3,9 00:00 11,2 0,0 0,3 2,6 20,9 15:02 N 26 7,7 12,4 13:37 4,7 00:00 10,6 0,0 0,0 5,9 37,8 13:45 W 27 9,0 11,2 18:58 7,9 00:58 9,3 0,0 2,9 8,0 40,3 22:41 W 28 5,2 9,8 13:34 -2,3 23:29 13,1 0,0 6,1 3,8 29,5 03:54 W 29 3,6 7,6 15:07 -3,1 02:53 14,6 0,0 0,0 7,3 39,2 23:25 W 30 5,5 8,0 07:11 1,5 23:37 12,8 0,0 22,8 12,4 49,0 09:23 W 31 4,0 10,3 23:42 1,0 02:14 14,3 0,0 5,5 5,9 35,6 22:52 SSE ---------------------------------------------------------------------------------- 2,6 14,3 25 -10,3 19 487,5 0,0 129,8 4,2 51,5 7 W Max >= 27,0: 0 Max <= 0,0: 1 Min <= 0,0: 15 Min <= -18,0: 0 Max Rain: 22,8 on day 30 Days of Rain: 24 (>= 0,2 mm) 16 (>= 2,0 mm) 1 (>= 20,0 mm) Heat Base: 18,3 Cool Base: 18,3 Method: Integration |