|
NOAA - Klima Report
Select a Year or Month report
Report for 2013 Oct Monthly Climatological Summary for Okt 2013 Name: Wetterstation City: Wiehl State: German Elevation: 241 m Lat: N 50° 58' 14" Lon: E 007° 31' 15" Temperature (°C), Rain (mm), Wind Speed (km/h) Heat Cool Avg Mean Deg Deg Wind Dom Day Temp High Time Low Time Days Days Rain Speed High Time Dir ---------------------------------------------------------------------------------- 1 13,3 24,4 13:58 8,2 23:52 5,4 0,4 0,0 3,8 22,0 12:41 N 2 11,3 21,9 12:46 6,1 05:18 7,2 0,2 0,0 4,9 28,1 11:37 NNW 3 12,2 21,3 13:39 6,3 07:42 6,3 0,2 0,0 5,7 34,2 12:48 NNW 4 13,1 17,5 17:09 9,1 07:51 5,2 0,0 4,0 2,5 20,9 16:35 NW 5 14,1 16,4 14:43 12,4 04:15 4,2 0,0 4,9 0,8 11,2 00:29 NW 6 12,5 14,9 15:41 9,3 08:08 5,8 0,0 0,0 0,5 8,6 11:38 WNW 7 13,2 21,4 15:29 5,8 07:14 5,4 0,3 0,3 0,8 12,2 13:31 W 8 14,1 16,9 15:19 12,4 06:19 4,2 0,0 0,0 0,8 12,2 14:33 WNW 9 13,2 16,6 12:35 11,0 23:49 5,1 0,0 1,8 2,9 34,2 18:11 WSW 10 8,5 14,7 13:39 4,4 22:44 9,8 0,0 13,5 2,1 23,4 01:47 W 11 6,1 8,3 12:09 4,0 04:08 12,2 0,0 7,4 1,0 14,8 01:42 N 12 5,5 14,3 11:56 1,1 07:40 12,8 0,0 1,5 1,6 15,8 19:32 W 13 7,5 14,8 13:49 4,9 01:07 10,8 0,0 1,2 2,6 28,1 13:36 WSW 14 10,9 22,5 12:17 4,8 04:44 7,6 0,3 7,4 2,9 30,6 15:17 W 15 10,3 15,2 11:42 8,0 23:59 8,0 0,0 5,8 4,1 31,7 11:25 WSW 16 9,4 12,1 16:17 7,2 00:35 8,9 0,0 0,6 1,5 15,8 12:28 W 17 11,5 16,4 12:07 9,2 23:19 6,8 0,0 12,3 5,4 173,0 01:50 W 18 12,1 24,0 12:33 8,3 22:07 6,4 0,2 0,0 0,9 13,3 12:07 NW 19 13,8 25,3 13:54 8,4 07:23 5,0 0,5 1,2 3,1 28,1 15:52 WNW 20 15,3 18,4 17:10 12,0 08:23 3,0 0,0 4,0 3,1 31,7 16:20 WSW 21 14,6 23,0 13:34 11,0 05:08 3,9 0,2 0,3 2,9 31,7 13:56 WSW 22 18,2 27,4 13:28 12,4 00:23 1,9 1,8 1,8 3,3 41,8 23:21 W 23 16,0 20,0 13:53 14,3 22:17 2,4 0,1 8,6 6,2 37,8 13:57 WSW 24 14,5 25,3 13:15 9,5 23:19 4,3 0,5 1,5 2,1 23,4 03:40 WSW 25 13,6 19,2 14:07 9,0 01:31 4,7 0,0 3,4 1,8 25,6 10:50 WNW 26 16,9 23,7 12:48 14,2 05:45 1,8 0,5 2,2 4,7 31,7 14:41 WSW 27 14,8 17,3 00:00 11,9 20:19 3,7 0,0 0,9 11,0 64,8 11:37 WSW 28 13,4 17,2 12:59 10,8 23:57 4,9 0,0 10,1 12,0 76,0 12:28 WSW 29 10,4 13,2 12:59 8,8 23:55 7,9 0,0 0,3 8,4 43,9 12:56 WSW 30 8,5 20,2 11:50 2,5 23:50 9,8 0,0 0,0 2,6 28,1 11:32 W 31 7,8 21,6 11:15 0,5 06:16 10,6 0,2 0,0 2,7 22,0 12:07 WSW ---------------------------------------------------------------------------------- 12,1 27,4 22 0,5 31 196,0 5,4 95,0 3,5 173,0 17 W Max >= 27,0: 1 Max <= 0,0: 0 Min <= 0,0: 0 Min <= -18,0: 0 Max Rain: 13,5 on day 10 Days of Rain: 23 (>= 0,2 mm) 12 (>= 2,0 mm) 0 (>= 20,0 mm) Heat Base: 18,3 Cool Base: 18,3 Method: Integration |